484*r = -498*r + 287280. What are the prime factors of r?
2, 3, 5, 19
Let t(g) = 63*g + 215. Let d be t(-17). Let s = 860 + d. List the prime factors of s.
2
Let d = 351 + -327. List the prime factors of (-1300)/39*d/(-10).
2, 5
Suppose 164833 = 26*r + 118386 - 768289. List the prime factors of r.
2, 3917
Suppose -5*h - 2845 = -5*g, 0 = 2*h - h. Suppose 9*x - 367 = g. List the prime factors of x.
2, 13
Let g = -52 - -65. Let c = 150 - g. Let n = c - 70. What are the prime factors of n?
67
Suppose 0 = -5*z - 3*i - 13518, 7*z + 4*i + 10816 = 3*z. Let n = z + 3874. What are the prime factors of n?
1171
Let g = -44521 - -111156. List the prime factors of g.
5, 13327
Suppose 0 = d + 35 - 33. Let v be (-1)/((-1 + 5)/4) + d. What are the prime factors of -384*(v/(-6))/(-1)?
2, 3
Let t(m) = -7*m - 102. Let k be t(-19). Suppose k*d - 37*d = -642. List the prime factors of d.
107
Suppose -3 - 485 = -4*i. Let a = 150 - i. What are the prime factors of a?
2, 7
Suppose -5*w + 54*o = 53*o - 43230, -43210 = -5*w - 3*o. List the prime factors of w.
5, 7, 13, 19
Suppose 9 = 49*l - 40*l. List the prime factors of -8 + l/((-6)/(-1182)).
3, 7
Let k = 26 + -24. Let f(g) = -g - 9 + 2*g**k + 2*g + 5*g + 10. What are the prime factors of f(7)?
3, 47
Let x = 131 - 157. Let z(s) = -s**3 - 27*s**2 - 42*s - 17. List the prime factors of z(x).
3, 7, 19
Let g = -11825 - -20605. Suppose 19*v - 22760 = g. List the prime factors of v.
2, 5, 83
Let p be (8/(-3) - -3) + 3/(-9). Suppose p = 30*m - 15*m - 15555. What are the prime factors of m?
17, 61
Suppose 701*n + 5624 = 703*n. Suppose 82*c - 78*c = n. List the prime factors of c.
19, 37
Let x = 8118 - 6087. What are the prime factors of x?
3, 677
Suppose -4*h + 2*s + 11371 = 5*s, 5*s - 8542 = -3*h. Let b = 1739 - h. List the prime factors of ((-2)/4)/(22/b).
5
Let q = -5135 + 10389. List the prime factors of q.
2, 37, 71
Let g be 115*(56/30)/(26/(-39)). Let x = -303 - g. What are the prime factors of x?
19
List the prime factors of (4/(-10))/(987090/3455550 + (-6)/21).
2, 3, 1097
Let x(a) = -5*a + 29. Let u(z) = -z + 10. Let l be u(4). Let v be x(l). List the prime factors of (18/(-2))/(v/13).
3, 13
Let i(d) = -7*d**2 + 2*d + 14. Let f(y) = -6*y**2 + 3*y + 15. Let k be 66/14 + 8/28. Let t(o) = k*i(o) - 6*f(o). List the prime factors of t(12).
2, 7
Suppose -5*u = 3*u - 144. Let b = u - -182. List the prime factors of 1 + (-2*b)/(-4).
101
Let u be 232/319*22/4. Suppose 0 = 2*t - u*j - 684, -341 = -t + j - 0*j. What are the prime factors of t?
2, 5, 17
Suppose 26*g - 121325 = 1172739 + 378932. List the prime factors of g.
2, 32173
Suppose 31*m + 4458 = -4687. Let l = 301 + m. What are the prime factors of l?
2, 3
Let c be -2*(2 - 0) - (-150 + -2). Let a = 118 + c. What are the prime factors of a?
2, 7, 19
Suppose -58*y = -2526060 + 902292. What are the prime factors of y?
2, 3, 2333
Suppose -3*l + g + 37 = 0, 14 + 3 = 3*l - 5*g. Let d be 6/l + (-15)/35. Suppose d = -3*b + 150 + 39. What are the prime factors of b?
3, 7
Let s(m) = 15*m**2 + 10*m + 15. Let c be s(-9). Suppose -c = -10*o + 5*o. List the prime factors of o.
2, 3, 19
Suppose -19 + 10 = -3*p, -3*c + p = -21303. List the prime factors of c.
2, 53, 67
Let z(c) = -2*c**2 - 19*c - 35. Let u be z(-5). Let b(i) = -i**3 + 11*i**2 + 10*i - 16. List the prime factors of b(u).
2, 23
Let g(v) be the second derivative of 23*v**3 + 14*v**2 - 113*v. What are the prime factors of g(2)?
2, 19
Suppose 50 = -2*l - 3*l. Let z be (25/l)/((3 + 0)/(-78)). List the prime factors of ((-52)/20 + 3)*z.
2, 13
Suppose 0 = 17*h + 15*h + 2880. Suppose -2*j - 314 = -2*s, 344 - 44 = -2*j - 5*s. Let a = h - j. List the prime factors of a.
5, 13
Suppose -19*j - 3461 + 1443 = -36541. List the prime factors of j.
23, 79
Let y be 1 + (1 + 2)*-1. Let m(c) = 22*c + 302. Let v be m(-14). List the prime factors of 152 - ((-4)/v)/(y/6).
2, 7, 11
Let k(q) = -3*q**3 - 16*q**2 + 110*q - 16. List the prime factors of k(-20).
2, 3, 641
Suppose i + 8 = p, 22 = -2*i - p + 6*p. Let w(o) = 19 + 0*o**2 - 5*o - 35 + o**2. List the prime factors of w(i).
2, 5
Let c(r) = -r - 18. Let l be c(10). Let b = 44 + 41. Let q = l + b. What are the prime factors of q?
3, 19
Let w(k) = 4*k**3 + 3*k**2 - k - 5. Let z be w(3). Let c = -94 + 39. Let g = c + z. List the prime factors of g.
2, 3
Let l(m) be the first derivative of 14*m**3/3 + 8*m**2 - 35*m + 68. What are the prime factors of l(-11)?
1483
Let a(b) = -64 - 28*b + 8 - 36. What are the prime factors of a(-24)?
2, 5, 29
Let z = 308 + -308. Suppose -795 = -5*o + 2*p - 135, z = 3*o - 2*p - 396. What are the prime factors of o?
2, 3, 11
Let h(r) = -6*r**3 - 4*r**2 + 6*r + 2. Let f(b) = -5*b**3 - 3*b**2 + 5*b + 3. Let i(q) = 5*f(q) - 4*h(q). What are the prime factors of i(-5)?
2, 19
Let h(r) = 2 - 6*r + 2 + 3*r. Suppose 23 + 12 = -7*k. List the prime factors of h(k).
19
Let m(v) = v**3 + 11*v**2 + 3. Let t be ((-176)/24)/(4/6). Let w be m(t). Suppose 83 = w*h - 7. What are the prime factors of h?
2, 3, 5
Let o = -856 - -868. Suppose 3*z - 176 = -2*h, -h + z - 2*z + 88 = 0. What are the prime factors of (h*10/o)/((-8)/(-24))?
2, 5, 11
Let l = 213897 - 138938. What are the prime factors of l?
74959
Let t = 100 + -98. Suppose 5*p = -5*f + 77 + 8, 0 = -4*p + 4*f + 36. Suppose o = 3*m + p, 4*o + t*m - 150 = -o. List the prime factors of o.
2, 7
Suppose -23580 + 82446 = 3*w. List the prime factors of w.
2, 9811
Suppose q + 36 = f, -4*f = -0*f - 3*q - 147. Let z = 556 + -541. Suppose -3*v = -f - z. What are the prime factors of v?
2, 3
List the prime factors of 19/(-266)*8 - 191006/(-7).
2, 7, 1949
Let o(s) = 36*s**2 - 15*s + 8. Let d(a) = -a**3 + 8*a**2 + 2*a - 12. Let c be d(8). What are the prime factors of o(c)?
2, 131
Let q(n) = -11*n**3 + 2*n**2 + 2*n + 1. Let v be q(-1). Let a = 2406 - 2286. Suppose -10*z - a = -v*z. List the prime factors of z.
2, 3, 5
Let s(h) = 2*h**3 - 68*h**2 - 56*h - 189. List the prime factors of s(35).
7, 43
Let f be 4*(-111)/(-12)*(-1 - 0). Let w(t) = -33*t - 270. What are the prime factors of w(f)?
3, 317
Suppose -5*r + 4*m + 8010 = -2199, r - 2097 = -13*m. List the prime factors of r.
5, 409
Let a = 130 + -132. Let s = 194 + a. What are the prime factors of s?
2, 3
Let r = -15066 + 25084. List the prime factors of r.
2, 5009
Suppose 2615 = 21*d - 1102. Let g = 1535 - d. What are the prime factors of g?
2, 7, 97
Suppose 3*u = -5*p + 588 + 1592, -1717 = -4*p + 3*u. What are the prime factors of p?
433
Let a(m) = 7*m**2 + m - 5. Let w(c) = 3*c**3 + 3*c**2 - 4*c + 1. Let k be w(1). List the prime factors of a(k).
61
Let q be 8/36 - (-20)/45*4. Suppose 4*p = -5*j + 89 + 1829, 0 = -q*p - 6. What are the prime factors of j?
2, 193
Suppose 2102050 = -51486*r + 51511*r. List the prime factors of r.
2, 17, 2473
Let v be 3*288 - (20/(-10) - -4). Suppose -2*d = 5*p - v, -5*d + d + p = -1724. What are the prime factors of d?
431
Suppose -5*i + 25 = 0, 5*r - 2*i + 778 = r. Let q = -77 - r. List the prime factors of q.
5, 23
Let s be (0 - (-3 - 4/(-2))) + 3. List the prime factors of 174/s*(-48)/(-36).
2, 29
List the prime factors of (22/(-44))/(8/(-125456)).
7841
Let z(d) = -2783*d - 3820. What are the prime factors of z(-9)?
21227
Let k = -50862 - -110681. What are the prime factors of k?
41, 1459
Let b(g) = 3577*g + 2 - 3567*g + 21 + g**2. What are the prime factors of b(9)?
2, 97
Suppose -f + 1648 = 3*d, -223*d + 219*d - 3326 = -2*f. What are the prime factors of f?
1657
What are the prime factors of (-33*4/(-154) - 100757/7)/(-1)?
37, 389
Let w be (29/(-2))/((-7)/(5 - -9)). List the prime factors of w*-3*(0 + 50/(-15)).
2, 5, 29
Let o(k) = -2*k**3 + 19*k**2 + 14*k - 6. Let y be o(10). Suppose p + b - 8 = 0, 4*b + 0*b + 10 = 3*p. Let n = y + p. List the prime factors of n.
2, 5
Let l(t) = 470*t**2 - 184*t + 1129. List the prime factors of l(6).
5, 3389
Suppose -6*f + 3*s = -7*f + 2673, 2677 = f + 5*s. List the prime factors of f/28 + (-10)/8.
2, 47
Let h = 71 - 85. Let v(y) = -y**3 - 12*y**2 - 23*y + 25. What are the prime factors of v(h)?
739
Let q(s) = 1126*s - 121. List the prime factors of q(5).
7, 787
Let r be (-2)/(-2) - ((-9 - 777) + 4). Suppose 14*j = r + 239. List the prime factors of j.
73
Let a be ((-22)/(-4))/((-1)/(-4)). Suppose a*c - 10 = 24*